?
21
Calculate the remainder when 6378933 is divided by 1594728.
21
Calculate the remainder when 29857327 is divided by 778.
21
Calculate the remainder when 8459656 is divided by 148415.
1
What is the remainder when 543612 is divided by 788?
680
Calculate the remainder when 373510 is divided by 1125.
10
Calculate the remainder when 24275990 is divided by 32629.
14
Calculate the remainder when 5549273 is divided by 316.
313
What is the remainder when 8242681 is divided by 2747556?
13
Calculate the remainder when 1768536 is divided by 11192.
200
Calculate the remainder when 5396644 is divided by 2634.
2212
What is the remainder when 52094391 is divided by 5011?
35
What is the remainder when 277656858 is divided by 52?
50
What is the remainder when 20564 is divided by 392?
180
What is the remainder when 20376 is divided by 4866?
912
Calculate the remainder when 72823 is divided by 5116.
1199
Calculate the remainder when 15940 is divided by 7907.
126
Calculate the remainder when 408285 is divided by 63.
45
What is the remainder when 309331 is divided by 158?
125
Calculate the remainder when 6378555 is divided by 1594634.
19
What is the remainder when 524851 is divided by 475?
451
Calculate the remainder when 849753 is divided by 8.
1
What is the remainder when 230100 is divided by 20887?
343
Calculate the remainder when 8062562 is divided by 523.
517
What is the remainder when 31329 is divided by 15210?
909
What is the remainder when 112185185 is divided by 130?
125
What is the remainder when 34464645 is divided by 229?
145
Calculate the remainder when 147112892 is divided by 247.
186
Calculate the remainder when 288101 is divided by 79.
67
Calculate the remainder when 41238 is divided by 18926.
3386
What is the remainder when 286220 is divided by 11447?
45
What is the remainder when 312264 is divided by 19508?
136
Calculate the remainder when 151079705 is divided by 5272.
1
Calculate the remainder when 10088299 is divided by 220.
199
What is the remainder when 393639 is divided by 98409?
3
Calculate the remainder when 12659285 is divided by 84395.
35
What is the remainder when 198782 is divided by 8489?
3535
What is the remainder when 383649139 is divided by 14?
13
What is the remainder when 338162471 is divided by 3924?
3923
What is the remainder when 75090917 is divided by 552139?
13
What is the remainder when 5243657 is divided by 775?
7
What is the remainder when 739390 is divided by 662?
598
Calculate the remainder when 43069500 is divided by 35.
5
Calculate the remainder when 311991871 is divided by 33.
4
What is the remainder when 434549 is divided by 62057?
150
Calculate the remainder when 24939101 is divided by 12469537.
27
What is the remainder when 201587 is divided by 13439?
2
What is the remainder when 8569380 is divided by 401?
10
Calculate the remainder when 39811 is divided by 1753.
1245
What is the remainder when 178299 is divided by 3649?
3147
Calculate the remainder when 34853 is divided by 1514.
31
What is the remainder when 3723243 is divided by 41369?
33
What is the remainder when 3080914 is divided by 62875?
39
What is the remainder when 5065 is divided by 1689?
1687
Calculate the remainder when 429542 is divided by 2947.
2227
What is the remainder when 36861941 is divided by 29?
12
What is the remainder when 21196470 is divided by 97231?
112
What is the remainder when 5121459 is divided by 853571?
33
Calculate the remainder when 2440031 is divided by 42.
41
Calculate the remainder when 1357436 is divided by 35.
31
Calculate the remainder when 45657 is divided by 15110.
327
Calculate the remainder when 1054957548 is divided by 2058.
2052
What is the remainder when 2589044 is divided by 36?
32
What is the remainder when 9064920 is divided by 453246?
0
What is the remainder when 16320192 is divided by 21?
0
What is the remainder when 100075 is divided by 14177?
836
What is the remainder when 135032 is divided by 1040?
872
Calculate the remainder when 71292 is divided by 17717.
424
Calculate the remainder when 5093331 is divided by 50.
31
Calculate the remainder when 1839945 is divided by 141534.
3
Calculate the remainder when 3084225 is divided by 118624.
1
Calculate the remainder when 456273 is divided by 1618.
1615
What is the remainder when 16511895 is divided by 326?
321
What is the remainder when 897987 is divided by 889?
97
Calculate the remainder when 23511915 is divided by 3918.
3915
What is the remainder when 33600205 is divided by 8321?
7
What is the remainder when 5247838 is divided by 4771?
4509
Calculate the remainder when 54352868 is divided by 286.
284
What is the remainder when 55124221 is divided by 6?
1
What is the remainder when 6179533 is divided by 28742?
3
What is the remainder when 450711 is divided by 2545?
246
What is the remainder when 130078 is divided by 1721?
1003
Calculate the remainder when 3065568 is divided by 306553.
38
Calculate the remainder when 12491895 is divided by 20.
15
Calculate the remainder when 6113659 is divided by 1222721.
54
Calculate the remainder when 71326481 is divided by 6113.
6110
What is the remainder when 686192 is divided by 3747?
491
Calculate the remainder when 1438146 is divided by 130740.
6
Calculate the remainder when 3153264 is divided by 3420.
24
Calculate the remainder when 7653141 is divided by 1231.
14
What is the remainder when 54565648 is divided by 998?
996
What is the remainder when 64822 is divided by 5365?
442
What is the remainder when 31458793 is divided by 227?
225
What is the remainder when 2678431 is divided by 9398?
1
What is the remainder when 8323190 is divided by 5?
0
What is the remainder when 64218224 is divided by 2165?
2159
Calculate the remainder when 35921700 is divided by 2014.
2010
What is the remainder when 31911158 is divided by 489?
485
Calculate the remainder when 28497123 is divided by 1029.
1026
What is the remainder when 109221 is divided by 7116?
2481
Calculate the remainder when 3387968 is divided by 1129319.
11
Calculate the remainder when 1045546 is divided by 3462.
22
Calculate the remainder when 1584144 is divided by 37.
26
Calculate the remainder when 203303 is divided by 33803.
485
Calculate the remainder when 7172586 is divided by 4.
2
What is the remainder when 1241627 is divided by 1292?
15
What is the remainder when 557108 is divided by 773?
548
Calculate the remainder when 402497 is divided by 100200.
1697
What is the remainder when 35703124 is divided by 25?
24
Calculate the remainder when 20242707 is divided by 894.
759
Calculate the remainder when 208172 is divided by 2973.
62
Calculate the remainder when 6124110 is divided by 437436.
6
What is the remainder when 5219996 is divided by 3058?
3048
What is the remainder when 504525 is divided by 1297?
1289
What is the remainder when 7713330 is divided by 63?
51
What is the remainder when 21939360 is divided by 873?
870
What is the remainder when 11306267 is divided by 3371?
3304
What is the remainder when 8024894 is divided by 2265?
2264
What is the remainder when 328401 is divided by 65462?
1091
What is the remainder when 120167196 is divided by 2503483?
12
Calculate the remainder when 119696 is divided by 29138.
3144
Calculate the remainder when 2752540 is divided by 305837.
7
Calculate the remainder when 4097159 is divided by 31039.
11
Calculate the remainder when 397895 is divided by 5.
0
What is the remainder when 746113 is divided by 118?
117
Calculate the remainder when 2231271 is divided by 743743.
42
What is the remainder when 1259279 is divided by 209867?
77
What is the remainder when 707449 is divided by 17?
11
Calculate the remainder when 1668908 is divided by 53834.
54
Calculate the remainder when 4682633 is divided by 1170656.
9
What is the remainder when 10449105 is divided by 660?
645
Calculate the remainder when 133563 is divided by 299.
209
Calculate the remainder when 2142365 is divided by 1071116.
133
Calculate the remainder when 254935 is divided by 140.
135
What is the remainder when 43418 is divided by 43318?
100
Calculate the remainder when 66469701 is divided by 429.
12
What is the remainder when 175728 is divided by 951?
744
Calculate the remainder when 13685624 is divided by 488770.
64
What is the remainder when 20267002 is divided by 